se 3?
-110
Convert 114 (base 7) to base 3.
2020
178 (base 15) to base 6
1322
2 (base 12) to base 4
2
-15 (base 6) to base 7
-14
What is 9 (base 11) in base 16?
9
What is -212 (base 3) in base 15?
-18
0 (base 5) to base 11
0
-25 (base 11) to base 15
-1c
Convert -18 (base 14) to base 9.
-24
What is -112 (base 4) in base 13?
-19
What is -110 (base 2) in base 8?
-6
What is 81 (base 10) in base 12?
69
Convert 1002 (base 3) to base 7.
41
6 (base 11) to base 7
6
-3 (base 4) to base 14
-3
Convert 0 (base 14) to base 2.
0
Convert 27 (base 13) to base 16.
21
-26 (base 14) to base 13
-28
0 (base 3) to base 4
0
-4 (base 5) to base 10
-4
Convert 166 (base 13) to base 15.
11d
What is 7 (base 11) in base 2?
111
What is 22 (base 16) in base 11?
31
19 (base 12) to base 3
210
2 (base 6) to base 16
2
2 (base 6) to base 11
2
1 (base 3) to base 16
1
What is 199 (base 12) in base 16?
105
What is 8 (base 14) in base 12?
8
Convert -71 (base 15) to base 14.
-78
92 (base 16) to base 2
10010010
-111 (base 14) to base 5
-1321
-8 (base 9) to base 2
-1000
Convert 6 (base 10) to base 11.
6
Convert -3 (base 8) to base 7.
-3
-2 (base 9) to base 4
-2
7 (base 15) to base 4
13
Convert 6 (base 13) to base 2.
110
Convert 3 (base 11) to base 5.
3
What is 266 (base 12) in base 9?
446
-8 (base 16) to base 12
-8
-b4 (base 12) to base 15
-91
-2 (base 6) to base 5
-2
Convert -129 (base 15) to base 7.
-525
625 (base 7) to base 13
1b1
-1 (base 3) to base 4
-1
What is 4 (base 11) in base 7?
4
What is -23 (base 11) in base 4?
-121
Convert 0 (base 16) to base 4.
0
Convert 69 (base 12) to base 5.
311
-11110 (base 2) to base 10
-30
What is -133 (base 13) in base 3?
-21211
Convert 3 (base 11) to base 13.
3
-4 (base 6) to base 16
-4
What is 0 (base 16) in base 12?
0
What is 1122 (base 4) in base 7?
156
What is -402 (base 7) in base 6?
-530
What is 10110 (base 2) in base 8?
26
Convert 1131 (base 4) to base 9.
113
-a3 (base 12) to base 5
-443
-16 (base 14) to base 2
-10100
Convert 22 (base 11) to base 6.
40
What is -413 (base 5) in base 9?
-130
11110100 (base 2) to base 6
1044
What is 10 (base 5) in base 11?
5
Convert -24 (base 8) to base 14.
-16
What is 1 (base 2) in base 12?
1
Convert -222 (base 7) to base 14.
-82
What is 9 (base 11) in base 15?
9
What is 10100011 (base 2) in base 3?
20001
42 (base 14) to base 11
53
-100 (base 6) to base 16
-24
What is 3 (base 15) in base 16?
3
110 (base 2) to base 10
6
Convert -22 (base 4) to base 15.
-a
5 (base 14) to base 16
5
2 (base 4) to base 2
10
Convert 0 (base 14) to base 12.
0
Convert -2 (base 7) to base 15.
-2
-133 (base 4) to base 14
-23
Convert -3 (base 13) to base 11.
-3
-1 (base 9) to base 12
-1
What is 0 (base 9) in base 13?
0
Convert 10000 (base 2) to base 11.
15
Convert 50 (base 14) to base 3.
2121
What is 7 (base 11) in base 8?
7
What is 0 (base 15) in base 8?
0
d2 (base 14) to base 7
352
Convert -111100 (base 2) to base 14.
-44
-10 (base 6) to base 13
-6
What is -1 (base 9) in base 8?
-1
What is 1 (base 6) in base 2?
1
54 (base 14) to base 10
74
44 (base 16) to base 14
4c
What is 100 (base 7) in base 16?
31
What is -7a (base 13) in base 5?
-401
-21 (base 4) to base 2
-1001
Convert 212 (base 5) to base 13.
45
-42 (base 14) to base 8
-72
Convert 2 (base 4) to base 5.
2
What is 1010 (base 5) in base 11?
109
Convert 4 (base 14) to base 10.
4
-2 (base 16) to base 11
-2
-11220 (base 3) to base 16
-84
3 (base 10) to base 3
10
5 (base 10) to base 7
5
Convert -83 (base 15) to base 2.
-1111011
c5 (base 16) to base 2
11000101
5 (base 7) to base 10
5
-101 (base 6) to base 8
-45
-5 (base 10) to base 15
-5
Convert -1 (base 13) to base 9.
-1
What is -10110 (base 2) in base 8?
-26
-4 (base 9) to base 3
-11
What is -205 (base 6) in base 5?
-302
Convert -4a (base 13) to base 3.
-2022
What is 19 (base 14) in base 15?
18
Convert -1302 (base 4) to base 2.
-1110010
Convert 37 (base 13) to base 12.
3a
Convert 16 (base 9) to base 12.
13
What is 0 (base 15) in base 16?
0
-5 (base 9) to base 10
-5
Convert 6 (base 7) to base 2.
110
1431 (base 6) to base 9
461
What is 1011 (base 2) in base 4?
23
What is 30 (base 11) in base 3?
1020
What is -16 (base 15) in base 16?
-15
-1111 (base 2) to base 10
-15
Convert -15 (base 11) to base 6.
-24
Convert 15 (base 7) to base 11.
11
-321 (base 4) to base 12
-49
What is 1100 (base 2) in base 6?
20
-ba (base 16) to base 5
-1221
Convert 0 (base 8) to base 4.
0
8 (base 11) to base 9
8
What is 27 (base 8) in base 5?
43
Convert 42 (base 6) to base 3.
222
3 (base 13) to base 14
3
What is 0 (base 2) in base 11?
0
1011 (base 2) to base 10
11
-1101 (base 3) to base 9
-41
What is -5 (base 10) in base 14?
-5
-1 (base 11) to base 4
-1
-102 (base 3) to base 12
-b
What is 1 (base 4) in base 3?
1
Convert 25 (base 11) to base 7.
36
1331 (base 4) to base 5
1000
-2 (base 15) to base 6
-2
11000001 (base 2) to base 13
11b
What is 1201 (base 3) in base 11?
42
-2 (base 9) to base 3
-2
What is -3 (base 16) in base 3?
-10
35 (base 7) to base 2
11010
What is -111010 (base 2) in base 8?
-72
What is -50 (base 10) in base 4?
-302
71 (base 14) to base 10
99
-4 (base 12) to base 7
-4
25 (base 8) to base 7
30
0 (base 14) to base 6
0
Convert -b (base 12) to base 6.
-15
Convert 441 (base 6) to base 11.
144
What is 22 (base 3) in base 16?
8
What is 15 (base 9) in base 15?
e
Convert 18 (base 9) to base 4.
101
Convert -32 (base 5) to base 14.
-13
What is 1 (base 3) in base 8?
1
What is 20 (base 10) in base 9?
22
Convert -1124 (base 5) to base 11.
-13a
What is 5 (base 15) in base 13?
5
What is -21 (base 10) in base 7?
-30
What is -6 (base 11) in base 6?
-10
Convert 12 (base 8) to base 4.
22
Convert 3 (base 15) to base 14.
3
Convert 1000 (base 3) to base 10.
27
Convert 74 (base 15) to base 8.
155
What is 1 (base 5) in base 16?
1
-3 (base 6) to base 10
-3
-111 (base 2) to base 4
-13
What is -2 (base 11) in base 5?
-2
Convert 1000 (base 4) to base 8.
100
What is 2 (base 16) in base 9?
2
234 (base 10) to base 9
280
Convert 215 (base 8) to base 11.
119
What is -3 (base 13) in base 9?
-3
Convert -201 (base 7) to base 8.
-143
Convert 13 (base 12) to base 6.
23
What is -12 (base 3) in base 6?
-5
What is -11 (base 6) in base 3?
-21
What is -32 (base 12) in base 2?
-100110
What is -1 (base 10) in base 7?
-1
Convert -1101 (base 5) to base 4.
-2113
Convert 244 (base 12) to base 8.
524
Convert 4 (base 5) to base 15.
4
What is 3 (base 15) in base 14?
3
Convert 120 (base 4) to base 8.
30
Convert 15 (base 9) to base 5.
24
Convert -52 (base 9) to base 8.
-57
What is -175 (base 9) in base 13?
-b6
What is -3 (base 6) in base 2?
-11
What is 211 (base 12) in base 10?
301
Convert 14 (base 9) to base 4.
31
What is -1 (base 12) in base 4?
-1
-3 (base 6) to base 16
-3
What is -113 (base 6) in base 16?
-2d
Convert -2 (base 4) to base 8.
-2
What is 63 (base 13) in base 14?
5b
Convert 27 (base 13) to base 5.
113
Convert -62 (base 8) to base 6.
-122
What is 2 (base 10) in base 5?
2
Convert 13 (base 4) to base 14.
7
-21 (base 15) to base 14
-23
Convert 10 (base 10) to base 6.
14
Convert -1 (base 13) to base 10.
-1
5 (base 7) to base 4
11
What is 2 (base 13) in base 12?
2
What is 58 (base 16) in base 7?
154
What is -1 (base 3) in base 14?
-1
-185 (base 11) to base 13
-136
Convert 1000 (base 2) to base 10.
8
Convert 1 (base 11) to base 2.
1
What is 0 (base 14) in base 7?
0
What is 4 (base 14) in base 8?
4
Convert -90 (base 10) to base 16.
-5a
Convert 245 (base 10) to base 12.
185
What is 146 (base 9) in base 10?
123
223 (base 7) to base 16
73
-1a8 (base 12) to base 7
-536
What is -1 (base 5) in base 2?
-1
What is 106 (base 7) in base 16?
37
What is -11 (base 12) in base 16?
-d
Convert -4 (base 14) to base 11.
-4
Convert 22 (base 5) to base 12.
10
-101 (base 3) to base 8
-12
-34 (base 6) to base 8
-26
Convert -127 (base 10) to base 14.
-91
Convert -35 (base 9) to base 6.
-52
What is 4 (base 7) in base 9?
4
What is 1 (base 6) in base 9?
1
Convert 30 (base 7) to base 13.
18
What is 1032 (base 5) in base 2?
10001110
What is 0 (base 13) in base 4?
0
10111 (base 2) to base 13
1a
-b (base 14) to base 13
-b
What is 101 (base 5) in base 2?
11010
Convert 43 (base 11) to base 13.
38
What is -23 (base 6) in base 15?
-10
2 (base 4) to base 12
2
Convert 1 (base 14) to base 2.
1
Convert -9 (base 12) to base 6.
-